(p) be the first derivative of -4*p**3/3 + 4*p**2 - p - 3. Let u(f) = -f**2 + 3*f. Let x(g) = 7*u(g) - 2*z(g). Give x(-4).
-2
Let b(c) = -c - 3. Let z = 28 - 34. What is b(z)?
3
Let j(b) = -8*b - 5. Suppose -d = 3, -3*t + 0 = 4*d - 9. Let x(u) = 16*u + 9. Let w(l) = t*j(l) + 4*x(l). Calculate w(1).
9
Suppose -8 = 5*h + 2. Let b be 2*((-5)/h)/5. Let u be (b/(-2))/(3/(-30)). Let y(j) = -j - 2. Calculate y(u).
-7
Let r(c) = -3*c + 8. Let b(z) = 5*z - 14. Let n(s) = 4*b(s) + 7*r(s). Suppose 0 = x - 2. Determine n(x).
-2
Let x = 6 + -3. Let k(w) = -w + 3 - 8 - w + x. Determine k(-2).
2
Let n(h) = 3*h**2 + 4 + 5*h - 5 - h + 5 - h**3. Let d be n(4). Let b(f) = -3 - 3*f + 3*f - 1 + f. Determine b(d).
0
Let i(p) = 7*p**3 + 11*p**2 - p - 3. Suppose 10*h - 6*h = 24. Let t(w) = -8*w**3 - 12*w**2 + 2. Let r(z) = h*t(z) + 7*i(z). What is r(-6)?
-3
Let z(w) be the third derivative of -w**4/8 + w**3/3 + 17*w**2. Determine z(-4).
14
Suppose 0 = 3*u - 2*u - 5. Let l(k) = k - 4. What is l(u)?
1
Suppose -k + 15 = 8. Let x(z) = z**2 - 3*z - 6. What is x(k)?
22
Suppose -5*s + 3*c = 4 - 1, 0 = -4*c + 4. Suppose -2*r - r + 6 = 0. Suppose s = -r*b - 0*b. Let x(t) = t - 4. Determine x(b).
-4
Let u(h) = h**3 + 4*h**2 + h + 3. Suppose 0*q - 12 = 5*f - q, 6 = 2*f - 4*q. What is u(f)?
9
Let f be 6/((-2)/8*-4). Let t(n) = n. Let d(u) = -2*u**2 + 13*u + 1. Let i(a) = f*t(a) - d(a). Determine i(5).
14
Let v(z) = 6 + z + 7*z**2 + z**3 + 2 - 1. Let i be v(-7). Let u(d) be the third derivative of -d**4/24 - d**3/6 - 2*d**2. Determine u(i).
-1
Suppose 2*k + 2 = 5*p, p + 3 = -3*k - 4*p. Let y be (-20)/(-6) + (-1)/3. Let a(u) = 7*u - y + 4 + u. Calculate a(k).
-7
Let s(w) = -w**3 + 7*w**2 - 5*w - 5. Let h = -15 - -21. Determine s(h).
1
Let i(r) be the third derivative of 0*r**3 + 0 + 1/24*r**4 + r**2 + 0*r. Let z be i(6). Let h(t) = -t**3 + 5*t**2 + 6*t + 1. What is h(z)?
1
Let t(k) = -k**2 - 4*k + 1. Let u be t(-3). Let n(z) = -1 - z**2 + 0*z**2 + 6*z - u. Let o be n(4). Let y(b) = -b**2 + 3*b - 2. Calculate y(o).
-2
Let c(a) = -4*a. Suppose 7*q - 2*q = -5. What is c(q)?
4
Suppose 0*c = -5*c. Let k(q) = -6 - q**3 - q**3 - 4 + 3*q**3. Calculate k(c).
-10
Let b be (3 - 0)*56/24. Suppose 3 - b = -2*k. Let h(v) = k + 4 - 5 - v + 2*v. What is h(4)?
5
Suppose 4*l - 3*q = 5*l - 3, q = -5*l - 13. Let r(d) = -4 + 2*d + d**2 + d + 0*d - 5*d. What is r(l)?
11
Let t(d) be the first derivative of -3*d**3 - d**2/2 - 1. Suppose -75 = -2*b - b. Suppose 3*q = b - 22. Give t(q).
-10
Suppose 2*l + 10 = 7*l. Let y be ((-4)/2)/(-4)*4. Suppose y*x - 2 = -n - l*x, 5*n + x - 10 = 0. Let g(q) = -q**3 + 3*q**2 - 2*q + 1. What is g(n)?
1
Let t(r) = -3*r**2 + 2. Let k be 1 + 4 + (-2 - 1). Calculate t(k).
-10
Let d = 6 - 3. Let h = 9 - d. Suppose z - 2 = g - h, 2*z - 1 = -g. Let j(t) = 5*t**3 - t - 1. Calculate j(z).
-5
Let p(y) = -2 + y - 4*y + 2*y. Calculate p(5).
-7
Suppose 3*j - g - 15 = 0, -2*g + 6*g + 12 = 4*j. Let d(y) = -y - 3. What is d(j)?
-9
Let z be (21/(-63))/((-23)/3 - -1). Let o(t) be the second derivative of 1/3*t**3 + 1/2*t**2 + 0 + z*t**5 + 3*t + 1/12*t**4. Calculate o(-2).
-7
Let i(k) be the third derivative of -k**5/60 + k**4/3 - 3*k**3/2 - 4*k**2. Calculate i(6).
3
Let b(q) = 1 + 13*q**2 + 8*q - 17*q**2 + 6 + 5*q**2. Let d be 0 + 1 + (-8 - -1). Give b(d).
-5
Suppose -4*g = 2 + 2. Let q = 0 + g. Let w(z) = -z - z**2 - z - 4*z**3 - 1 + 0*z. Determine w(q).
4
Let b(x) be the first derivative of x**4/4 + x**3/3 - 2. Calculate b(-1).
0
Let j(y) be the third derivative of y**6/120 + y**5/12 + 5*y**4/24 + 2*y**3/3 + y**2. Let l(x) = x**2 + 2*x - 3. Let n be l(-2). What is j(n)?
7
Let b(m) = m**2 - 2*m + 2. Let s be b(2). Let u(k) = k**2 + 0*k**s + 2*k**2 - 4 + 3 - 2*k. Let g = -1 - 0. Determine u(g).
4
Suppose -l + 0*x = -2*x + 8, 5*x = -3*l + 31. Let j(h) = 2 - h**3 + 5*h**l - 9*h**2 - 3. Calculate j(-3).
-10
Let j = -12 + 14. Let v(x) = x**2 + x**j - 1 + 3*x**2 - 4*x**2. Determine v(2).
3
Let i(g) = -3*g**3 - 11*g**2 - 9. Let h(f) = f**3 + f**2. Let w(n) = -4*h(n) - i(n). Calculate w(7).
9
Let w(a) = -a**3 + 6*a**2 - 4*a - 7. Let l = 18 + -10. Suppose -4*m + 34 = -m + r, -4*r = -5*m + 85. Let s = m - l. Determine w(s).
-2
Suppose -5*m = 3*d, -2*m = -3*d + d. Let y(r) be the third derivative of m*r**3 + 0*r + 0 + 1/24*r**4 - r**2. What is y(-3)?
-3
Suppose 0*o - 4*m - 18 = -o, -4*o - 3*m = 23. Let b(h) = -2*h + 2. What is b(o)?
6
Let d(k) = -8*k**2 + 2*k + 1. Suppose v + 1 = 7. Let p be (-4)/12 - 4/v. Give d(p).
-9
Let p = 7 + -5. Let w(q) be the first derivative of -1 - 2/3*q**3 + q**2 - q. Give w(p).
-5
Let w(u) = -4*u - 9*u + 3*u + 9*u + 5. Calculate w(4).
1
Let t(b) = 4*b + 2*b - 7*b. Determine t(2).
-2
Let i = 15 + -11. Let s(v) = -v**2 + 2*v + 4. Give s(i).
-4
Let h(m) = -4*m**3 + 3*m**2 + 5*m - 4. Let n(k) = -k**3 + k. Let y(a) = -h(a) + 5*n(a). Determine y(-3).
4
Let q(w) = 2 + 5 - 2*w - 8. Let v be q(2). Let s(z) be the first derivative of z**2 + 4*z - 1. Give s(v).
-6
Let r = -12 - -16. Let q(f) = -f**2 + r - 3*f + 2*f + 2*f. Calculate q(0).
4
Let w = 3 - 5. Let q(h) = 3*h. Let a(d) = -10*d. Let n(u) = 5*a(u) + 16*q(u). Determine n(w).
4
Let q(a) = -a + 7. Let g(y) = 3*y - 15. Let b(i) = -6*g(i) - 13*q(i). Suppose 3*p + 2*m + 5 = 0, 4*p + 5*m = m - 8. Determine b(p).
4
Suppose 16 - 12 = -2*h. Let w(x) = -2*x**3 + 4*x**2 - 2*x - 2. Let d(l) = -3*l**3 + 5*l**2 - 3*l - 2. Let t(k) = -3*d(k) + 4*w(k). Give t(h).
-8
Let r(t) = t**2 - 11*t + 2. Let k be r(11). Let n(s) = 2*s**2 - 3*s + 2. Calculate n(k).
4
Let f = -33 + 41. Let m(n) = n**3 - 9*n**2 + 9*n - 10. Give m(f).
-2
Let z(y) = -y**2 - 5*y + 8. Let n be z(-6). Let o(w) = -1. Let i(m) = 3*m - 9. Let x(s) = n*o(s) - i(s). What is x(5)?
-8
Suppose 2 = -31*y + 30*y. Let i(b) = -b**2 + 4*b + 3. Give i(y).
-9
Let g(t) be the third derivative of -11*t**5/60 + t**4/3 + 11*t**3/3 - 2*t**2. Let u(o) = -7*o**2 + 5*o + 15. Let k(w) = -5*g(w) + 8*u(w). Give k(0).
10
Let r(k) = k**2 - 10*k + 6. Let g be (-4*15/50)/((-4)/30). Give r(g).
-3
Let o(m) be the third derivative of m**4/12 + 7*m**3/6 + 33*m**2. Give o(5).
17
Let d(x) = 14 - 7 - 8 + x - 2. What is d(4)?
1
Let d = 5 + -4. Let i be (-3 - -5)/(6/15). Let g(r) = 5 + 3*r + 0*r - i. Give g(d).
3
Suppose 18 = -4*o - 2. Let d(i) = -i**3 - 4*i**2 + 2*i - 6. Give d(o).
9
Suppose 4 + 1 = 5*u. Let c(p) be the second derivative of 5*p + 0*p**2 + 1/20*p**5 + 1/6*p**3 + 0 - 1/12*p**4. Determine c(u).
1
Let w(y) = -2*y - 1. Suppose c - 2 = -5. Give w(c).
5
Let b(n) = n**2 - 4*n + 4. Let l(x) = -4*x - 6. Let o be l(5). Let u be o/(-10) + 2/5. Suppose 4*c = -5*z - 9, u*c = 5*z + 5 + 32. Determine b(c).
4
Let m(q) = -4*q**2 - 21*q - 5. Let x(d) = -d**2 - 5*d - 1. Let w(y) = -2*m(y) + 9*x(y). Determine w(-3).
1
Let w(z) = 5*z + 15. Let f(v) = 3*v + 8. Let o(y) = 7*f(y) - 4*w(y). Give o(-3).
-7
Let h(u) = -u. Let v be -4 - (-10)/(-2 - -4). Let t(a) = -28*a - 4. Suppose -4*q = -2*w + 88, 64 = -3*q + 4*w - 2*w. Let f(m) = q*h(m) + v*t(m). What is f(-3)?
8
Let o(f) = 4*f**2 - f - 8. Let s(y) = -5*y**2 + y + 9. Let k(w) = 4*o(w) + 3*s(w). Let b be 13/2 - (-10)/(-4). What is k(b)?
7
Let r(v) = v**2 - 4*v. Let i(g) = -g**2 - 11*g - 8. Let h be i(-7). Suppose 4*f + l - h = 0, 0*f + 3*l = f + 8. Calculate r(f).
0
Let s be 32/6 - 10/(-15). Let u = 4 - s. Let c(w) = w**3 + 4*w**2 + w - 1. Determine c(u).
5
Let d(h) be the first derivative of h**3/3 + 9*h**2/2 + 10*h - 1. What is d(-8)?
2
Let a(h) be the second derivative of h**4/12 + h**3/3 + 3*h**2/2 - 12*h. Give a(-2).
3
Let c(d) = -d - 6. Let u be c(-8). Let f(n) = n**2 + 4*n - 4*n**3 + u*n - 4*n + 2*n**3. Let i = 11 - 9. Calculate f(i).
-8
Let j(d) be the third derivative of d**6/120 + d**5/60 - d**4/12 + d**3/6 + 66*d**2. Determine j(-3).
-11
Let u(p) = 2*p + 2. Let q = -2 + 3. Let r(b) be the third derivative of -b**6/40 - b**4/12 + b**3/6 - 27*b**2. Let o be r(q). Give u(o).
-6
Suppose 52*k = 54*k - 14. Let c(p) = p**3 - 7*p**2 - 2*p + 10. Determine c(k).
-4
Let g = 2 + -5. Let o = 7 + g. Let l(r) = r - 4 + 3 + o*r**2 + 1. What is l(-1)?
3
Let w(a) = -4*a**3 - a - 1. Suppose u = 5*n + 4 - 1, 0 = 3*n. Suppose u*g = 2*q + 5, -2*q - 2 - 2 = -2*g. Give w(q).
4
Let s(v) = -8*v - 1. Let x be 4/(-6) - 1/3. Calculate s(x).
7
Let k be 8/((-1)/1 - -3). Let z(a) = -4 +